7, 25 = -4*u + a. Let f(i) = 2*i**2 + 8*i + 1. Let n(h) = 11*h**2 + 40*h + 7. Let b(j) = 6*f(j) - n(j). Determine b(u).
-13
Suppose 0 = 2*q - 0 - 6. Let b be 0 - -1 - 0/q. Let w(d) = -25*d. What is w(b)?
-25
Let b(a) be the third derivative of -a**4/6 - 23*a**3/6 + 33*a**2 - 23. Give b(14).
-79
Let m(o) be the second derivative of -7*o**3/2 + 5*o**2/2 + 427*o. Let j(k) = 4*k - 1. Let a = -8 + 6. Let b(z) = a*m(z) - 11*j(z). Calculate b(6).
-11
Suppose 8*f - 6*f - 202 = 0. Let l = 104 - f. Let d(m) = -8*m + 48*m**2 - l - 92*m**2 + 43*m**2. Calculate d(-4).
13
Let n(v) = 3*v**2 + 11*v - 7. Let b(r) = -4*r**2 - 14*r + 8. Let g(f) = 4*b(f) + 5*n(f). Let w = 12 + -15. Determine g(w).
-9
Let w(n) be the second derivative of 16*n + 0*n**2 + 0 - 7/6*n**3 - 1/3*n**4 - 1/120*n**5. Let s(q) be the second derivative of w(q). Give s(-8).
0
Let w(v) be the second derivative of -v**3/6 - 2*v**2 - 3*v. Suppose 4*l + 42 = 7*l. Let p = 18 - l. Determine w(p).
-8
Let u(i) be the first derivative of 2*i + 0*i**2 - 1/4*i**4 + 13/3*i**3 + 34. What is u(13)?
2
Let h(f) = -1670 + 3333 + f**2 - 1676 - 15*f. Give h(12).
-49
Let i(o) = o**3 + 15*o**2 - 30*o + 49. Let v be i(-17). Let c(u) = -u**3 - 21*u**2 - 41*u - 54. Determine c(v).
3
Suppose g - 5*u - 2 = -u, 2*g - 5*u - 4 = 0. Let w(l) = 40*l + 43*l + 3 - 80*l - l**g. What is w(-2)?
-7
Let v(m) = -5*m**3 + 5*m**2 + 59*m + 21. Let q(j) = -3*j**3 + 9*j**2 + 57*j + 21. Let x(a) = -3*q(a) + 2*v(a). Determine x(-13).
-8
Let r = 169 - 166. Suppose -r*w = 2*f - 27, -5*f + 0 = -w - 25. Let c(g) = g**2 - 2*g - 2. Calculate c(f).
22
Let t(k) = 16*k - 22. Let w(o) = -7*o + 11. Let p(y) = 4*t(y) + 9*w(y). Let r = 36 - 42. Let l(j) = -j**2 - 2*j + 18. Let h be l(r). What is p(h)?
5
Let f(b) be the second derivative of -b**5/20 + 2*b**4/3 - 11*b**3/6 + 3*b**2 + 1117*b. Give f(6).
12
Let n(k) = k**3 - 6*k**2 - 7*k + 3. Let s(l) = l**3 - 6*l**2 - 7*l + 4. Let x(v) = 3*n(v) - 2*s(v). Suppose 14*m = 15*m + 9*m - 70. Calculate x(m).
1
Let l(s) be the third derivative of 1/24*s**4 + 5/6*s**3 + 1/120*s**6 + 0 + 1/12*s**5 + 0*s - 4*s**2. Suppose -t - 304 = -299. Determine l(t).
0
Let n(z) = 7923*z - 2*z**2 + 57 - 7926*z + z**2 + 29 + 52. Give n(0).
138
Let z be (-34)/(-8) - -3 - 5/20. Let n(j) = -2*j**3 + 14*j**2 + 2*j - 7. Let i be n(z). Let f(l) = l**2 - 8*l + 6. What is f(i)?
-1
Let j be (6/(-12))/(66/(-36))*11. Let o(a) = -9*a + 18. Determine o(j).
-9
Let a(y) = y**2 + 9*y. Suppose -4*k = 5*d - 7 + 42, -2*k + 3*d = 23. Calculate a(k).
10
Let i(w) = -5*w**3 + 2*w**2 + 2*w + 1. Suppose -8*s + 10*s = 0. Suppose -o - 4*m + 7 - 5 = s, 4*o - 3*m = 8. Let l be (o + (-4)/1)/(15 + -13). Give i(l).
6
Let l(z) = z**2 - 8*z - 1. Let s be -13 + 9 + (2 - (-1077)/(-3)). Let b = 367 + s. Calculate l(b).
-13
Let s(k) = 7*k**2 - 7*k - 12. Let d(o) = -39*o**2 + 33*o + 59. Let i(l) = -2*d(l) - 11*s(l). Give i(-4).
-14
Let k(p) = p**3 + 8*p**2 + 14*p + 30. Suppose z = 4*c - 11, -4*z + 6*c = 11*c + 23. Calculate k(z).
-19
Suppose -10*w + 13*w + 6 = -3*s, 4*w + 8 = 5*s. Let d(h) = -29 - 2*h + s*h - h + 30 + 0*h + 7*h**2. Determine d(2).
23
Let g = 6 + -2. Suppose 90 = -g*y + 102. Let n(i) = i**2 - 6. Determine n(y).
3
Let g(u) = -u**2 + 16*u + 18. Let d(o) = -o**3 - 23*o**2 - 6*o - 125. Let k be d(-23). Calculate g(k).
57
Let b be ((-112)/21)/(-2 + (-10)/(-6)). Let f be (-53)/5 - b/40. Let r(c) = c**3 + 12*c**2 + 10*c - 10. Give r(f).
1
Let g(o) = o**2 - 8*o + 17. Let m be 17 - 4*(-209)/(-76). Calculate g(m).
5
Let c(m) = -2*m - 64. Let v = 14610 - 14645. What is c(v)?
6
Let b(f) = -22*f - 23. Suppose -32*g - 25 - 135 = 0. Determine b(g).
87
Let z(v) = 2*v + 5. Suppose 31 - 46 = -5*w. Suppose -22 = -2*p - 4*g, 7*p - 3 = 2*p + w*g. Let a(f) = -f - 6. Let d(u) = p*z(u) + 2*a(u). What is d(-3)?
-9
Let y(g) = -g**3 - g. Let q be ((-12)/(-15))/((-12)/30) + 106. Suppose q = 2*n + 106. What is y(n)?
2
Let t(u) be the third derivative of u**5/60 + u**4/12 - u**3/3 + 13*u**2 - 32. Determine t(2).
6
Let f(h) = h**3 + 6*h**2 - 8*h - 6. Let l be f(-7). Suppose 3*b - l + 4 = 0. Let t(g) be the first derivative of g**3/3 + 3*g**2/2 + g - 215. Give t(b).
-1
Let k be (-6)/12 - 5/2. Let q(a) = -3*a**3 + 2*a**2 - 3*a + 4. Let z(g) = -5*g**3 + 2*g**2 - 4*g + 6. Let c(i) = -3*q(i) + 2*z(i). Give c(k).
6
Let y(f) = -f**3 - 4*f**2 + 2. Suppose -4*p - 5*g + 164 = 0, -33 - 87 = -3*p - 3*g. Suppose p = -2*b - 4*b. Let j be (-8)/(36/15 + b/15). Give y(j).
2
Let f(l) = l**3 - 6*l**2 + 8. Let m(h) = -2*h**3 - 33*h**2 + 18*h + 17. Let d be m(-17). Suppose d = -4*r - 4*y + 44, 8 + 12 = 4*y. Calculate f(r).
8
Let n(v) = v - 42. Let m be n(45). Let b(h) = m*h**2 + 11*h - 30 - 12*h + 32. Give b(2).
12
Let u(z) = -40*z**2 - 28*z + 16. Let n(h) = -34*h**2 - 27*h + 15. Let q(x) = -7*n(x) + 6*u(x). What is q(8)?
31
Let b(a) = -46*a + 77*a - 168 - 11*a. What is b(8)?
-8
Let f(p) = -3*p**3 + 51*p**2 + 8*p - 134. Let j be f(17). Let r(d) be the second derivative of -2/3*d**3 + 14*d + 0 - 3/2*d**j. Determine r(-2).
5
Let j(w) = -w**2 - 23*w - 53. Suppose 0 = -3*x - 3*t - 78, 0 = -3*x + 375*t - 380*t - 88. Calculate j(x).
-11
Let c(t) = -t**2 - 4*t - 1. Suppose -v + 3*w = 5, 3*v - 3*w + 5 - 8 = 0. Suppose v*g - n + 1 = -16, -5*g = n + 10. Let a be 5/((2 - 0) + g). Calculate c(a).
-6
Let p(o) be the first derivative of -6*o**2 - 36*o - 140. Give p(-4).
12
Let d(q) = q**3 - 15*q**2 + 2. Suppose -n - 4*i = 1, -2*n + 28 + 6 = -i. Determine d(n).
2
Suppose -2*k = 3*m - 58, 0 = 2*m - 2*k + k - 34. Suppose 141*d - 138*d - m = 0. Let v(x) = -x**3 + 5*x**2 + 5*x + 3. Calculate v(d).
-3
Let o(a) be the first derivative of a**4/4 + 13*a**3/3 + 6*a**2 + 16*a + 2107. Give o(-12).
16
Let s(t) = 19 - 15*t**2 + 4*t**2 - 5*t + 7*t - 22. Calculate s(2).
-43
Suppose 2*u - 4 = -l, -4*l + u = -0*u + 11. Let d(b) = -4*b**3 - 3*b**2 - 2*b + 1. What is d(l)?
25
Let g = -66 + 128. Suppose 4*v + 0*d - g = 2*d, -2*d + 28 = 2*v. Let y = v + -12. Let w(k) = k**3 - 3*k**2 + 3. Calculate w(y).
3
Suppose 2 + 18 = 1333*i - 1323*i. Let k(s) be the first derivative of -s - 1/3*s**3 + 39 + 1/2*s**i. Calculate k(1).
-1
Let r(i) = -33. Let n(m) = -m + 203. Let q(t) = n(t) + 6*r(t). Give q(-9).
14
Let z be (5/7)/(-23 - (-960)/42). Let h(s) = 3*s - 11. Let d(i) = i**2. Let b(c) = -d(c) - h(c). What is b(z)?
1
Let v be 4/5 + (-243)/(-15). Let c(g) = v + g**3 - 11*g**2 - 70*g + 117*g - 61*g. Determine c(12).
-7
Suppose -o + 5*m + 16 = -0*o, -2*m = 4*o + 2. Suppose -268 = -10*q - 238. Let v(w) = 11*w**q - 2 - 3*w**2 + w + 7 + 2*w**2 - 6. Determine v(o).
10
Let m(s) = -46 + 233*s**2 - 42*s - 117*s**2 - 113*s**2 + 4. Give m(-1).
3
Let i(z) = -z**3 - 11*z**2 - 22. Let a be i(-12). Let l = 126 - a. Let n(g) = -l + g + 5 - 5 + 0. Calculate n(8).
4
Let s(h) be the first derivative of -h**3/3 - 27*h**2/2 - 58*h + 3497. Determine s(-25).
-8
Let a(z) = -1 + 202*z - 1 + 4 + z**2 - 197*z. Give a(-3).
-4
Let h(k) be the third derivative of k**5/20 - k**4/4 - 5*k**3/6 + 2606*k**2. Determine h(-3).
40
Let m(z) = 2*z - 6. Suppose 3*o - 4*y - 27 = 0, -8*o = -3*o - y - 11. Determine m(o).
-4
Suppose -37*x + 4413 = 5042. Let t(v) = -11*v - 170. Give t(x).
17
Let i(x) = -67*x**2 - 23*x - 21. Let m(u) = 47*u**2 + 15*u + 13. Let p(g) = 7*i(g) + 10*m(g). What is p(13)?
9
Let n(w) be the first derivative of w**4/12 - 4*w**3/3 - 6*w**2 - 118*w - 87. Let q(g) be the first derivative of n(g). Determine q(9).
-3
Let d = 10 + -8. Suppose 4 = 2*f + d*a, 2*f + 5*a = a - 6. Suppose -l = -12 + f. Let w(j) = -j**3 + 5*j**2 + 4*j - 3. Give w(l).
17
Let n(y) = -y - 3. Suppose 0 = -j - 0*j - 62. Let s(t) = 23*t + 11. Let x be s(-3). Let q = x - j. Give n(q).
-7
Suppose 5*d - 3*s - 21 = 0, 5*s - 2 = -857*d + 853*d. Let r(k) = 6*k - 23. Determine r(d).
-5
Let w(i) = i**2 + i - 1. Let x be w(2). Let m(k) = -70*k - 8. Let q(p) = 122*p + 15. Let l(y) = 7*m(y) + 4*q(y). Determine l(x).
-6
Let y(k) be the third derivative of -k**5/15 - 37*k**4/24 - 3*k**3/2 + 9*k**2 + 10*k. Calculate y(-9).
0
Let d(l) = -6*l**2 - 2*l - 152. Let m(w) = -3*w**2 - w - 76. Let f(k) = -3*d(k) + 7*m(k). Let o(u) be the first derivative of f(u). Determine o(1).
-7
Let r(i) = -3*i + 2. Let q be r(0). Let o(l) = -289 + l**q - 8*l + 573 - 284. Give o(6).
-12
Let k(t) = 10*t**2 + 8*t + 9. Let l(s) = -s**